41
In base 15, what is -1a - -4d4cd7?
4d4cbc
In base 14, what is 3 - -13228bb?
13228c0
In base 16, what is -4b7 + 131b?
e64
In base 14, what is 1a + b5829?
b5845
In base 3, what is -11 - -101122212200222002?
101122212200221221
In base 11, what is -275375 - -1?
-275374
In base 13, what is -48 + -47bc?
-4837
In base 10, what is 1927 - -701?
2628
In base 11, what is 3 - 6355786?
-6355783
In base 16, what is -10eb + 1fec?
f01
In base 14, what is -91d343 + 2c?
-91d315
In base 9, what is -21138371 - -27?
-21138343
In base 5, what is -2341 + -3001120?
-3004011
In base 16, what is -1d1 - 6619c?
-6636d
In base 2, what is 10000001 + -11111110100010010?
-11111110010010001
In base 12, what is 2 - 1a32852?
-1a32850
In base 4, what is 13123102230 + 2?
13123102232
In base 6, what is -130 + -114341142?
-114341312
In base 9, what is -2007223 + 77?
-2007135
In base 10, what is -732 + 57802?
57070
In base 2, what is 10001111010110000001111000 + -101?
10001111010110000001110011
In base 4, what is 121231 + 3112123?
3300020
In base 4, what is -31020 - -3011001301?
3010310221
In base 13, what is -6667 + -6a?
-6704
In base 4, what is -120313111 - -3122?
-120303323
In base 13, what is 2924 - 2240?
6b4
In base 9, what is 41636724 - -4?
41636728
In base 13, what is -a - -180b17?
180b0a
In base 15, what is 79d0 - -407?
7dd7
In base 9, what is 2140 + -406018?
-403768
In base 4, what is -102 + 220331330323?
220331330221
In base 7, what is -125311645 + -26?
-125312004
In base 4, what is 2200 + -12122013231?
-12122011031
In base 8, what is -112747216 + -4?
-112747222
In base 10, what is -263440 - -5?
-263435
In base 14, what is -18 - 109487?
-1094a1
In base 14, what is -23 - -177a2d7?
177a2b4
In base 9, what is -13211 + -111538?
-124750
In base 2, what is 10010110110101110111 - -10000?
10010110110110000111
In base 9, what is -16 + 5586513?
5586486
In base 6, what is -1 + 101022001?
101022000
In base 7, what is -51022022 - -2?
-51022020
In base 6, what is -40224454 + 0?
-40224454
In base 8, what is 115471570 + -4?
115471564
In base 12, what is 10777685 - -2?
10777687
In base 9, what is 8 + -12561044?
-12561035
In base 14, what is 5d69c24 - -4?
5d69c28
In base 4, what is 233 - 13222001?
-13221102
In base 13, what is -6875 + -34?
-68a9
In base 14, what is 3 + -25d3bd5?
-25d3bd2
In base 13, what is 42a29c + -36?
42a266
In base 3, what is -12001012111 + 112201?
-12000122210
In base 2, what is 100 + 100001101100001101011111?
100001101100001101100011
In base 13, what is 51b8c43 + -2?
51b8c41
In base 5, what is -4312 + -422110?
-431422
In base 5, what is 30 - 42211434?
-42211404
In base 11, what is -19 - 189189a?
-1891908
In base 9, what is -5850823 - 1?
-5850824
In base 10, what is -725 + 137?
-588
In base 9, what is -7048511 - -11?
-7048500
In base 13, what is 1217 + 11a0?
23b7
In base 9, what is 1553 + -107385?
-105732
In base 5, what is 10 - 210123420043?
-210123420033
In base 5, what is -114 + 102301211?
102301042
In base 11, what is 1 + -4298636?
-4298635
In base 11, what is -6 + -3810391?
-3810397
In base 3, what is -12120021101200 - -102001?
-12120020222122
In base 3, what is 21000122101012211 - -10?
21000122101012221
In base 11, what is -2 + 20a1aa29?
20a1aa27
In base 14, what is 146a0 + -11cd?
134b1
In base 9, what is 7 + -208215851?
-208215843
In base 15, what is 14 - 39cc86?
-39cc72
In base 8, what is 227506 + -2266?
225220
In base 10, what is 381466118 - -2?
381466120
In base 16, what is -6110e - -3e5?
-60d29
In base 6, what is 410 - -25355411?
25400221
In base 4, what is 33103120 - -21321?
33131101
In base 16, what is 9146 - -2e3?
9429
In base 15, what is -5 + 3b4b14?
3b4b0e
In base 5, what is -233 - 424411442?
-424412230
In base 12, what is aa02219 + -18?
aa02201
In base 11, what is 92a5 + -1830?
7575
In base 15, what is -88d8 + 158d?
-734a
In base 13, what is -7 - c37b886?
-c37b890
In base 14, what is -3db372 + 70?
-3db302
In base 11, what is -5 + -24074504?
-24074509
In base 13, what is 7 - c62471?
-c62467
In base 7, what is -23405262 - 21?
-23405313
In base 4, what is -303230 + -32312313?
-33222203
In base 8, what is -630 - 27565?
-30415
In base 10, what is 17366935 - 39?
17366896
In base 10, what is 10999591 - -5?
10999596
In base 13, what is 18a393 - 24?
18a36c
In base 14, what is 10a8 + -15c7?
-51d
In base 11, what is -12aa + -209753?
-20aa52
In base 14, what is 1b7cd - -257?
1ba46
In base 13, what is 130 + 68601?
68731
In base 13, what is 2847b10 - 0?
2847b10
In base 16, what is 156d18 + 20?
156d38
In base 2, what is 1011 - 10101111100001101001?
-10101111100001011110
In base 2, what is 110010101 + 10000011011111101?
10000100010010010
In base 9, what is -106 + -27280771?
-27280877
In base 9, what is -1 + 2885627?
2885626
In base 13, what is -3 + 2806299c?
28062999
In base 11, what is 765525 - -10?
765535
In base 10, what is -1991 + 61575?
59584
In base 11, what is 0 - -6a60085?
6a60085
In base 16, what is 9 - 1ab24?
-1ab1b
In base 2, what is 1010101000010110001110 + -1010?
1010101000010110000100
In base 6, what is -10 - 2153334135?
-2153334145
In base 9, what is -713473 - -8?
-713464
In base 6, what is 1 - 100020511?
-100020510
In base 14, what is 2a - 31a370?
-31a344
In base 7, what is -151121 + -1535?
-152656
In base 9, what is -2427254732 + 5?
-2427254726
In base 13, what is -3 - -19852c1?
19852bb
In base 11, what is 5 + 350871?
350876
In base 4, what is 11303032113300 + -11?
11303032113223
In base 10, what is -130 + -2950?
-3080
In base 11, what is -5 - -369467?
369462
In base 16, what is ed25 + -7e?
eca7
In base 9, what is -28087 - -162?
-27825
In base 13, what is -30b9352 + 41?
-30b9311
In base 9, what is 107 + -806324?
-806216
In base 5, what is -1112 + 2212233?
2211121
In base 6, what is -23455 + 15053?
-4402
In base 12, what is -152 + -663?
-7b5
In base 4, what is -1332310 + -303?
-1333213
In base 4, what is -2101 + 220232310?
220230203
In base 6, what is 332 + 1523551?
1524323
In base 5, what is 140121201 - -3?
140121204
In base 16, what is -3f831e - -2?
-3f831c
In base 12, what is -2 - -934a658?
934a656
In base 9, what is 802860 + -42?
802817
In base 14, what is -93 + 3422?
336d
In base 2, what is 101 + -111111110000101101000?
-111111110000101100011
In base 14, what is 2002694 - -6?
200269a
In base 7, what is 306123 + 321?
306444
In base 7, what is 604 - 60164?
-56260
In base 6, what is -540 + 301552?
301012
In base 4, what is -202111210020 - -321?
-202111203033
In base 8, what is 35 - -622623?
622660
In base 8, what is 2 - 421302442?
-421302440
In base 15, what is 15 - 45d6b?
-45d56
In base 8, what is 17032141 - -2?
17032143
In base 3, what is 0 + -1022100020122122?
-1022100020122122
In base 14, what is -17d94 + 36?
-17d5c
In base 12, what is -36a9 - -11449?
9960
In base 5, what is -32302 - -33322?
1020
In base 8, what is 226 - 32140?
-31712
In base 4, what is 100223 - -2113200223?
2113301112
In base 13, what is 1672813 - 33?
16727b0
In base 12, what is -3626 + 6a4?
-2b42
In base 3, what is -2102010001121 + 121?
-2102010001000
In base 14, what is 887 + -1427?
-980
In base 16, what is 0 + -1c9b34?
-1c9b34
In base 7, what is -21 + 60043541?
60043520
In base 12, what is -11428b29 - 0?
-11428b29
In base 7, what is -23 - 1350042?
-1350065
In base 15, what is 46 - 3b0d87?
-3b0d41
In base 4, what is 1022 + -1021010020?
-1021002332
In base 8, what is -3445527515 + 0?
-3445527515
In base 9, what is 4 + 78508207?
78508212
In base 16, what is -74 + 56d1c?
56ca8
In base 10, what is 4 + -18066470?
-18066466
In base 11, what is -2 - 10a91989?
-10a91990
In base 7, what is 14 + 132000423?
132000440
In base 3, what is -11 - -10101122120200?
10101122120112
In base 3, what is 21102 + 2022110001?
2022201110
In base 2, what is -10110001011 - 11000000111010?
-11010111000101
In base 8, what is -473 + -64307?
-65002
In base 2, what is -10010010000 + -11001100000101101?
-11001110010111101
In base 2, what is 101010001000011 + -100?
101010000111111
In base 6, what is 4 + 54325152?
54325200
In base 9, what is -275 - 27534?
-27820
In base 6, what is 2 - -11422210343?
11422210345
In base 11, what is -6a2 - -194860?
194169
In base 9, what is 147841 + -7?
147833
In base 11, what is -2aa35 + -397?
-30321
In base 2, what is 11010111001101010011 + 0?
11010111001101010011
In base 